{"id":1095,"date":"2019-02-26T08:52:16","date_gmt":"2019-02-26T08:52:16","guid":{"rendered":"https:\/\/phmaskinfabrik.dk\/?page_id=1095"},"modified":"2025-09-10T12:42:50","modified_gmt":"2025-09-10T12:42:50","slug":"luftstyrede-skydedoere","status":"publish","type":"page","link":"https:\/\/phmaskinfabrik.dk\/?page_id=1095","title":{"rendered":"Luftstyrede skyded\u00f8re"},"content":{"rendered":"<p><div class=\"fusion-fullwidth fullwidth-box nonhundred-percent-fullwidth non-hundred-percent-height-scrolling\"  style='background-color: #ebeced;background-position: center center;background-repeat: no-repeat;padding-top:0px;padding-right:0px;padding-bottom:0px;padding-left:0px;border-top-width:0px;border-bottom-width:0px;border-color:rgba(255,255,255,0);border-top-style:solid;border-bottom-style:solid;'><div class=\"fusion-builder-row fusion-row \"><div  class=\"fusion-layout-column fusion_builder_column fusion_builder_column_1_1 fusion-builder-column-1 fusion-one-full fusion-column-first fusion-column-last 1_1\"  style='margin-top:50px;margin-bottom:0px;'>\n\t\t\t\t\t<div class=\"fusion-column-wrapper\" style=\"padding: 0px 0px 0px 0px;background-position:left top;background-repeat:no-repeat;-webkit-background-size:cover;-moz-background-size:cover;-o-background-size:cover;background-size:cover;\"   data-bg-url=\"\">\n\t\t\t\t\t\t<div class=\"fusion-text\"><\/div><div class=\"fusion-sep-clear\"><\/div><div class=\"fusion-separator sep-single sep-solid\" style=\"border-color:#ffffff;border-top-width:1px;margin-left: auto;margin-right: auto;margin-top:0px;margin-bottom:50px;width:100%;max-width:130px;\"><\/div><div class=\"fusion-text\"><h4 style=\"text-align: center;\"><span style=\"color: #06428c;\">Luftstyrede skyded\u00f8re<\/span><\/h4>\n<\/div><div class=\"fusion-clearfix\"><\/div>\n\n\t\t\t\t\t<\/div>\n\t\t\t\t<\/div><div  class=\"fusion-layout-column fusion_builder_column fusion_builder_column_1_2 fusion-builder-column-2 fusion-one-half fusion-column-first 1_2\"  style='margin-top:0px;margin-bottom:0px;width:48%; margin-right: 4%;'>\n\t\t\t\t\t<div class=\"fusion-column-wrapper\" style=\"padding: 0px 2% 0px 2%;background-position:left top;background-repeat:no-repeat;-webkit-background-size:cover;-moz-background-size:cover;-o-background-size:cover;background-size:cover;\"   data-bg-url=\"\">\n\t\t\t\t\t\t<div class=\"fusion-sep-clear\"><\/div><div class=\"fusion-separator fusion-full-width-sep sep-none\" style=\"margin-left: auto;margin-right: auto;margin-top:;\"><\/div><div class=\"fusion-text\"><p style=\"text-align: center;\">Dette er lidt om vores d\u00f8rstyring.<\/p>\n<p>Styringen er opbygget omkring en Siemens plc og Siemens 240v til 24vdc Omformer da systemet er 24vdc Systemet kan levers med en Ups (backup str\u00f8m). Ventilerne der bruges er ogs\u00e5 standart ventiler s\u00e5 de altid kan findes lige meget hvor man er i verden. Systemet kan bygges sammen med dine exiterene cylinder og som regel ind i dine gamle styreskabe s\u00e5 installationen blive mindre omfattende. Men hvis ikke de exiterene cylindere dur til det bruger vi altid stempelstang frie cylinder der kan leveres fra 1000mm til 6000mm s\u00e5 det ikke fylder mere end d\u00f8ren.<\/p>\n<p>S\u00e5 har vi testede vores klem sikring og den kan ikke spr\u00e6nge en balong se videon under<\/p>\n<\/div><div class=\"fusion-sep-clear\"><\/div><div class=\"fusion-separator fusion-full-width-sep sep-none\" style=\"margin-left: auto;margin-right: auto;margin-top:;\"><\/div><div class=\"fusion-sep-clear\"><\/div><div class=\"fusion-separator fusion-full-width-sep sep-none\" style=\"margin-left: auto;margin-right: auto;margin-top:;\"><\/div><div id=\"metaslider-id-1790\" style=\"width: 100%;\" class=\"ml-slider-3-109-0 metaslider metaslider-flex metaslider-1790 ml-slider has-dots-nav ms-theme-default-base\" role=\"region\" aria-label=\"luftstyrede d\u00f8re\" data-height=\"800\">\n    <div id=\"metaslider_container_1790\">\n        <div id=\"metaslider_1790\">\n            <ul aria-live='polite' class='slides'>\n                <li style=\"display: block; width: 100%;\" class=\"slide-1799 ms-image \" aria-roledescription=\"slide\" data-date=\"2025-09-10 12:24:03\" data-filename=\"luftd\u00f8r-vidio-922x800.jpg\" data-slide-type=\"image\"><img decoding=\"async\" src=\"https:\/\/phmaskinfabrik.dk\/wp-content\/uploads\/2019\/02\/luftd\u00f8r-vidio-922x800.jpg\" height=\"800\" alt=\"\" class=\"slider-1790 slide-1799 msDefaultImage\" title=\"luftd\u00f8r vidio\" \/><div class=\"caption-wrap\"><div class=\"caption\"><div> <p>P\u00e5 billedet, her, ses styreskabet som det ser ud hvor der er monteret en ups i skabet<\/p> <p>billedet er fra Kalhave (Sams\u00f8)<\/p> <\/div><\/div><\/div><\/li>\n                <li style=\"display: none; width: 100%;\" class=\"slide-1800 ms-image \" aria-roledescription=\"slide\" data-date=\"2025-09-10 12:24:03\" data-filename=\"styrskab-kalve-1-800x800.jpg\" data-slide-type=\"image\"><img decoding=\"async\" src=\"https:\/\/phmaskinfabrik.dk\/wp-content\/uploads\/2019\/02\/styrskab-kalve-1-800x800.jpg\" height=\"800\" alt=\"\" class=\"slider-1790 slide-1800 msDefaultImage\" title=\"styrskab kalve 1\" \/><div class=\"caption-wrap\"><div class=\"caption\"><div> <p>P\u00e5 billedet, her, ses styreskabet som det ser ud hvor der er monteret en ups i skabet<\/p> <p>billedet er fra Kalhave (Sams\u00f8)<\/p> <\/div><\/div><\/div><\/li>\n                <li style=\"display: none; width: 100%;\" class=\"slide-1801 ms-image \" aria-roledescription=\"slide\" data-date=\"2025-09-10 12:24:03\" data-filename=\"styreskab-kalve1.jpg_tmp-800x800.jpg\" data-slide-type=\"image\"><img decoding=\"async\" src=\"https:\/\/phmaskinfabrik.dk\/wp-content\/uploads\/2019\/02\/styreskab-kalve1.jpg_tmp-800x800.jpg\" height=\"800\" alt=\"\" class=\"slider-1790 slide-1801 msDefaultImage\" title=\"styreskab kalve(1).jpg_tmp\" \/><div class=\"caption-wrap\"><div class=\"caption\"><div> <p>P\u00e5 billedet, her, ses styreskabet som det ser ud hvor der er monteret en ups i skabet<\/p> <p>billedet er fra Kalhave (Sams\u00f8)<\/p> <\/div><\/div><\/div><\/li>\n                <li style=\"display: none; width: 100%;\" class=\"slide-1802 ms-image \" aria-roledescription=\"slide\" data-date=\"2025-09-10 12:24:03\" data-filename=\"D\u00f8r-cylinder.jpg_tmp-1219x800.jpg\" data-slide-type=\"image\"><img decoding=\"async\" src=\"https:\/\/phmaskinfabrik.dk\/wp-content\/uploads\/2019\/02\/D\u00f8r-cylinder.jpg_tmp-1219x800.jpg\" height=\"800\" alt=\"\" class=\"slider-1790 slide-1802 msDefaultImage\" title=\"D\u00f8r cylinder.jpg_tmp\" \/><div class=\"caption-wrap\"><div class=\"caption\"><div>Dette er cylinderen vi bruger som Standart<\/div><\/div><\/div><\/li>\n                <li style=\"display: none; width: 100%;\" class=\"slide-1816 ms-image \" aria-roledescription=\"slide\" data-date=\"2025-09-10 12:32:24\" data-filename=\"skydedoer-inds2_optimized-599x800.jpg\" data-slide-type=\"image\"><img decoding=\"async\" src=\"https:\/\/phmaskinfabrik.dk\/wp-content\/uploads\/2025\/09\/skydedoer-inds2_optimized-599x800.jpg\" height=\"800\" alt=\"\" class=\"slider-1790 slide-1816 msDefaultImage\" title=\"skyded\u00f8r-inds2_optimized\" \/><\/li>\n                <li style=\"display: none; width: 100%;\" class=\"slide-1817 ms-image \" aria-roledescription=\"slide\" data-date=\"2025-09-10 12:32:24\" data-filename=\"luft-doer_optimized-1-599x800.jpg\" data-slide-type=\"image\"><img decoding=\"async\" src=\"https:\/\/phmaskinfabrik.dk\/wp-content\/uploads\/2025\/09\/luft-doer_optimized-1-599x800.jpg\" height=\"800\" alt=\"\" class=\"slider-1790 slide-1817 msDefaultImage\" title=\"luft-d\u00f8r_optimized\" \/><\/li>\n                <li style=\"display: none; width: 100%;\" class=\"slide-1818 ms-image \" aria-roledescription=\"slide\" data-date=\"2025-09-10 12:32:24\" data-filename=\"luft-doer-2_optimized-1-599x800.jpg\" data-slide-type=\"image\"><img decoding=\"async\" src=\"https:\/\/phmaskinfabrik.dk\/wp-content\/uploads\/2025\/09\/luft-doer-2_optimized-1-599x800.jpg\" height=\"800\" alt=\"\" class=\"slider-1790 slide-1818 msDefaultImage\" title=\"luft-d\u00f8r-2_optimized\" \/><\/li>\n                <li style=\"display: none; width: 100%;\" class=\"slide-1820 ms-image \" aria-roledescription=\"slide\" data-date=\"2025-09-10 12:32:24\" data-filename=\"mf-strynoe1_optimized-1-599x800.jpg\" data-slide-type=\"image\"><img decoding=\"async\" src=\"https:\/\/phmaskinfabrik.dk\/wp-content\/uploads\/2025\/09\/mf-strynoe1_optimized-1-599x800.jpg\" height=\"800\" alt=\"\" class=\"slider-1790 slide-1820 msDefaultImage\" title=\"mf-stryn\u00f81_optimized\" \/><div class=\"caption-wrap\"><div class=\"caption\"><div>lufttanke til d\u00f8rstyrring<\/div><\/div><\/div><\/li>\n                <li style=\"display: none; width: 100%;\" class=\"slide-1821 ms-image \" aria-roledescription=\"slide\" data-date=\"2025-09-10 12:32:24\" data-filename=\"mf-strynoe2_optimized-1-599x800.jpg\" data-slide-type=\"image\"><img decoding=\"async\" src=\"https:\/\/phmaskinfabrik.dk\/wp-content\/uploads\/2025\/09\/mf-strynoe2_optimized-1-599x800.jpg\" height=\"800\" alt=\"\" class=\"slider-1790 slide-1821 msDefaultImage\" title=\"mf-stryn\u00f82_optimized\" \/><div class=\"caption-wrap\"><div class=\"caption\"><div>MF Stryn\u00f8\" lufttanke til d\u00f8rstyrring<\/div><\/div><\/div><\/li>\n                <li style=\"display: none; width: 100%;\" class=\"slide-1822 ms-image \" aria-roledescription=\"slide\" data-date=\"2025-09-10 12:32:24\" data-filename=\"sryring-doere_optimized-1-599x800.jpg\" data-slide-type=\"image\"><img decoding=\"async\" src=\"https:\/\/phmaskinfabrik.dk\/wp-content\/uploads\/2025\/09\/sryring-doere_optimized-1-599x800.jpg\" height=\"800\" alt=\"\" class=\"slider-1790 slide-1822 msDefaultImage\" title=\"sryring-d\u00f8re_optimized\" \/><div class=\"caption-wrap\"><div class=\"caption\"><div>Styretavle for luftstyring\u00a0<\/div><\/div><\/div><\/li>\n            <\/ul>\n        <\/div>\n        \n    <\/div>\n<\/div><div class=\"fusion-sep-clear\"><\/div><div class=\"fusion-separator fusion-full-width-sep sep-none\" style=\"margin-left: auto;margin-right: auto;margin-top:;\"><\/div><div class=\"fusion-text\"><\/div><div class=\"fusion-text\"><\/div><div class=\"fusion-clearfix\"><\/div>\n\n\t\t\t\t\t<\/div>\n\t\t\t\t<\/div><div  class=\"fusion-layout-column fusion_builder_column fusion_builder_column_1_2 fusion-builder-column-3 fusion-one-half fusion-column-last 1_2\"  style='margin-top:0px;margin-bottom:0px;width:48%'>\n\t\t\t\t\t<div class=\"fusion-column-wrapper\" style=\"padding: 0px 2% 0px 2%;background-position:left top;background-repeat:no-repeat;-webkit-background-size:cover;-moz-background-size:cover;-o-background-size:cover;background-size:cover;\"   data-bg-url=\"\">\n\t\t\t\t\t\t<div class=\"fusion-sep-clear\"><\/div><div class=\"fusion-separator fusion-full-width-sep sep-none\" style=\"margin-left: auto;margin-right: auto;margin-top:;\"><\/div><div class=\"fusion-sep-clear\"><\/div><div class=\"fusion-separator fusion-full-width-sep sep-none\" style=\"margin-left: auto;margin-right: auto;margin-top:;\"><\/div><div class=\"fusion-sep-clear\"><\/div><div class=\"fusion-separator fusion-full-width-sep sep-none\" style=\"margin-left: auto;margin-right: auto;margin-top:;\"><\/div><div class=\"fusion-sep-clear\"><\/div><div class=\"fusion-separator fusion-full-width-sep sep-none\" style=\"margin-left: auto;margin-right: auto;margin-top:;\"><\/div><div class=\"fusion-text\"><\/div><div class=\"fusion-clearfix\"><\/div>\n\n\t\t\t\t\t<\/div>\n\t\t\t\t<\/div><div  class=\"fusion-layout-column fusion_builder_column fusion_builder_column_1_1 fusion-builder-column-4 fusion-one-full fusion-column-first fusion-column-last 1_1\"  style='margin-top:0px;margin-bottom:0px;'>\n\t\t\t\t\t<div class=\"fusion-column-wrapper\" style=\"padding: 0px 0px 0px 0px;background-position:left top;background-repeat:no-repeat;-webkit-background-size:cover;-moz-background-size:cover;-o-background-size:cover;background-size:cover;\"   data-bg-url=\"\">\n\t\t\t\t\t\t<div class=\"fusion-sep-clear\"><\/div><div class=\"fusion-separator fusion-full-width-sep sep-none\" style=\"margin-left: auto;margin-right: auto;margin-top:50px;\"><\/div><div class=\"fusion-section-separator section-separator triangle\" style=\"border-bottom:1px solid #2a2e38;margin-left:-0px;margin-right:-0px;\"><div class=\"divider-candy-arrow bottom\" style=\"top:0px;border-top-color: #83888c;\"><\/div><div class=\"divider-candy bottom\" style=\"bottom:-21px;border-bottom:1px solid #2a2e38;border-left:1px solid #2a2e38;\"><\/div><\/div><div class=\"fusion-clearfix\"><\/div>\n\n\t\t\t\t\t<\/div>\n\t\t\t\t<\/div><\/div><\/div><div class=\"fusion-fullwidth fullwidth-box nonhundred-percent-fullwidth non-hundred-percent-height-scrolling\"  style='background-color: #ebeced;background-position: left top;background-repeat: no-repeat;padding-top:5%;padding-right:0px;padding-bottom:5%;padding-left:0px;border-top-width:0px;border-bottom-width:0px;border-color:rgba(255,255,255,0);border-top-style:solid;border-bottom-style:solid;'><div class=\"fusion-builder-row fusion-row \"><div  class=\"fusion-layout-column fusion_builder_column fusion_builder_column_1_6 fusion-builder-column-5 fusion-one-sixth fusion-column-first fusion-no-small-visibility 1_6\"  style='margin-top:0px;margin-bottom:0px;width:13.3333%; margin-right: 4%;'>\n\t\t\t\t\t<div class=\"fusion-column-wrapper\" style=\"padding: 0px 0px 0px 0px;background-position:left top;background-repeat:no-repeat;-webkit-background-size:cover;-moz-background-size:cover;-o-background-size:cover;background-size:cover;\"   data-bg-url=\"\">\n\t\t\t\t\t\t<div class=\"fusion-clearfix\"><\/div>\n\n\t\t\t\t\t<\/div>\n\t\t\t\t<\/div><div  class=\"fusion-layout-column fusion_builder_column fusion_builder_column_2_3 fusion-builder-column-6 fusion-two-third 2_3\"  style='margin-top:60px;margin-bottom:30px;width:65.3333%; margin-right: 4%;'>\n\t\t\t\t\t<div class=\"fusion-column-wrapper\" style=\"padding: 0px 0px 0px 0px;background-position:left top;background-repeat:no-repeat;-webkit-background-size:cover;-moz-background-size:cover;-o-background-size:cover;background-size:cover;\"   data-bg-url=\"\">\n\t\t\t\t\t\t<div class=\"fusion-text\"><p>Kontakt os uforpligtende<\/p>\n<\/div><div class=\"fusion-text\"><p>og fort\u00e6l os mere om jeres projekt<\/p>\n<\/div><div class=\"fusion-sep-clear\"><\/div><div class=\"fusion-separator sep-single sep-solid\" style=\"border-color:#b9bfcc;border-top-width:1px;margin-left: auto;margin-right: auto;margin-top:0px;margin-bottom:50px;width:100%;max-width:130px;\"><\/div><div class=\"fusion-clearfix\"><\/div>\n\n\t\t\t\t\t<\/div>\n\t\t\t\t<\/div><div  class=\"fusion-layout-column fusion_builder_column fusion_builder_column_1_6 fusion-builder-column-7 fusion-one-sixth fusion-column-last fusion-no-small-visibility 1_6\"  style='margin-top:0px;margin-bottom:0px;width:13.3333%'>\n\t\t\t\t\t<div class=\"fusion-column-wrapper\" style=\"padding: 0px 0px 0px 0px;background-position:left top;background-repeat:no-repeat;-webkit-background-size:cover;-moz-background-size:cover;-o-background-size:cover;background-size:cover;\"   data-bg-url=\"\">\n\t\t\t\t\t\t<div class=\"fusion-clearfix\"><\/div>\n\n\t\t\t\t\t<\/div>\n\t\t\t\t<\/div><div  class=\"fusion-layout-column fusion_builder_column fusion_builder_column_1_4 fusion-builder-column-8 fusion-one-fourth fusion-column-first fusion-no-small-visibility 1_4\"  style='margin-top:0px;margin-bottom:0px;width:22%; margin-right: 4%;'>\n\t\t\t\t\t<div class=\"fusion-column-wrapper\" style=\"padding: 0px 0px 0px 0px;background-position:left top;background-repeat:no-repeat;-webkit-background-size:cover;-moz-background-size:cover;-o-background-size:cover;background-size:cover;\"   data-bg-url=\"\">\n\t\t\t\t\t\t<div class=\"fusion-clearfix\"><\/div>\n\n\t\t\t\t\t<\/div>\n\t\t\t\t<\/div><div  class=\"fusion-layout-column fusion_builder_column fusion_builder_column_1_2 fusion-builder-column-9 fusion-one-half light-contact-form 1_2\"  style='margin-top:2%;margin-bottom:50px;width:48%; margin-right: 4%;'>\n\t\t\t\t\t<div class=\"fusion-column-wrapper\" style=\"padding: 0px 0px 0px 0px;background-position:left top;background-repeat:no-repeat;-webkit-background-size:cover;-moz-background-size:cover;-o-background-size:cover;background-size:cover;\"   data-bg-url=\"\">\n\t\t\t\t\t\t<div role=\"form\" class=\"wpcf7\" id=\"wpcf7-f1098-o1\" lang=\"da-DK\" dir=\"ltr\">\n<div class=\"screen-reader-response\" aria-live=\"polite\"><\/div>\n<form action=\"\/index.php?rest_route=%2Fwp%2Fv2%2Fpages%2F1095#wpcf7-f1098-o1\" method=\"post\" class=\"wpcf7-form\" novalidate=\"novalidate\">\n<div style=\"display: none;\">\n<input type=\"hidden\" name=\"_wpcf7\" value=\"1098\" \/>\n<input type=\"hidden\" name=\"_wpcf7_version\" value=\"5.1.9\" \/>\n<input type=\"hidden\" name=\"_wpcf7_locale\" value=\"da_DK\" \/>\n<input type=\"hidden\" name=\"_wpcf7_unit_tag\" value=\"wpcf7-f1098-o1\" \/>\n<input type=\"hidden\" name=\"_wpcf7_container_post\" value=\"0\" \/>\n<input type=\"hidden\" name=\"g-recaptcha-response\" value=\"\" \/>\n<\/div>\n<p><label> Dit navn (skal udfyldes)<br \/>\n    <span class=\"wpcf7-form-control-wrap your-name\"><input type=\"text\" name=\"your-name\" value=\"\" size=\"40\" class=\"wpcf7-form-control wpcf7-text wpcf7-validates-as-required\" aria-required=\"true\" aria-invalid=\"false\" \/><\/span> <\/label><\/p>\n<p><label> Din e-mail (skal udfyldes)<br \/>\n    <span class=\"wpcf7-form-control-wrap your-email\"><input type=\"email\" name=\"your-email\" value=\"\" size=\"40\" class=\"wpcf7-form-control wpcf7-text wpcf7-email wpcf7-validates-as-required wpcf7-validates-as-email\" aria-required=\"true\" aria-invalid=\"false\" \/><\/span> <\/label><\/p>\n<p><label> Emne<br \/>\n    <span class=\"wpcf7-form-control-wrap your-subject\"><input type=\"text\" name=\"your-subject\" value=\"\" size=\"40\" class=\"wpcf7-form-control wpcf7-text wpcf7-validates-as-required\" aria-required=\"true\" aria-invalid=\"false\" \/><\/span> <\/label><\/p>\n<p><label> Din besked<br \/>\n    <span class=\"wpcf7-form-control-wrap your-message\"><textarea name=\"your-message\" cols=\"40\" rows=\"10\" class=\"wpcf7-form-control wpcf7-textarea wpcf7-validates-as-required\" aria-required=\"true\" aria-invalid=\"false\"><\/textarea><\/span> <\/label><\/p>\n<p><input type=\"submit\" value=\"Indsend\" class=\"wpcf7-form-control wpcf7-submit\" \/><\/p>\n<div class=\"wpcf7-response-output wpcf7-display-none\" aria-hidden=\"true\"><\/div><\/form><\/div><div class=\"fusion-clearfix\"><\/div>\n\n\t\t\t\t\t<\/div>\n\t\t\t\t<\/div><div  class=\"fusion-layout-column fusion_builder_column fusion_builder_column_1_4 fusion-builder-column-10 fusion-one-fourth fusion-column-last fusion-no-small-visibility 1_4\"  style='margin-top:0px;margin-bottom:0px;width:22%'>\n\t\t\t\t\t<div class=\"fusion-column-wrapper\" style=\"padding: 0px 0px 0px 0px;background-position:left top;background-repeat:no-repeat;-webkit-background-size:cover;-moz-background-size:cover;-o-background-size:cover;background-size:cover;\"   data-bg-url=\"\">\n\t\t\t\t\t\t<div class=\"fusion-clearfix\"><\/div>\n\n\t\t\t\t\t<\/div>\n\t\t\t\t<\/div><\/div><\/div><\/p>\n","protected":false},"excerpt":{"rendered":"","protected":false},"author":1,"featured_media":0,"parent":0,"menu_order":0,"comment_status":"closed","ping_status":"closed","template":"","meta":{"footnotes":""},"class_list":["post-1095","page","type-page","status-publish","hentry"],"_links":{"self":[{"href":"https:\/\/phmaskinfabrik.dk\/index.php?rest_route=\/wp\/v2\/pages\/1095","targetHints":{"allow":["GET"]}}],"collection":[{"href":"https:\/\/phmaskinfabrik.dk\/index.php?rest_route=\/wp\/v2\/pages"}],"about":[{"href":"https:\/\/phmaskinfabrik.dk\/index.php?rest_route=\/wp\/v2\/types\/page"}],"author":[{"embeddable":true,"href":"https:\/\/phmaskinfabrik.dk\/index.php?rest_route=\/wp\/v2\/users\/1"}],"replies":[{"embeddable":true,"href":"https:\/\/phmaskinfabrik.dk\/index.php?rest_route=%2Fwp%2Fv2%2Fcomments&post=1095"}],"version-history":[{"count":12,"href":"https:\/\/phmaskinfabrik.dk\/index.php?rest_route=\/wp\/v2\/pages\/1095\/revisions"}],"predecessor-version":[{"id":1827,"href":"https:\/\/phmaskinfabrik.dk\/index.php?rest_route=\/wp\/v2\/pages\/1095\/revisions\/1827"}],"wp:attachment":[{"href":"https:\/\/phmaskinfabrik.dk\/index.php?rest_route=%2Fwp%2Fv2%2Fmedia&parent=1095"}],"curies":[{"name":"wp","href":"https:\/\/api.w.org\/{rel}","templated":true}]}}